4/4 + l**3/3 + 9*l**2/2 - l + 5. Let v be w(-7). Let j = v - 51. What is the units digit of j?
2
Let z be (-1)/2 + 1 + 20895/42. Let t = z + -334. What is the hundreds digit of t?
1
Suppose -35*c + 40*c = 4*n + 45670, 0 = -5*c + 2*n + 45670. What is the tens digit of c?
3
Let m(h) = 99*h**2 + 412*h + 14. What is the thousands digit of m(6)?
6
Let r = -61 + 63. Let p(x) = 11*x**2 + x + 2. Let k be p(r). What is the tens digit of 114 - (k/(-18))/(2/3)?
1
Let h be (-5348)/(-20) + (0 - (-4)/(-10)). Suppose 0 = q + b - 85, -b + 164 = 2*q - 8. Let a = h - q. What is the units digit of a?
0
Suppose 72 = -4*i + 84. What is the units digit of 0 + (i - 0) - (-1 - 60)?
4
Let y(t) = 1 - 9 + t**2 + 5. Let x be y(3). Suppose -311 = -x*d + 217. What is the units digit of d?
8
Let s(m) = 9*m**3 - m - 1. Let c(p) be the second derivative of -9*p**5/10 + p**3/3 + p**2 - 5*p. Let h(u) = 4*c(u) + 9*s(u). What is the units digit of h(2)?
9
Suppose -3*s + 2 = -4. Suppose 96 = s*w - 0*w. Suppose 31 + w = d. What is the units digit of d?
9
Suppose 12*y = 16*y - 12. What is the tens digit of y/(-5 - (-1)/2)*-219?
4
Let n = 41027 - 26037. What is the ten thousands digit of n?
1
Let s(u) be the third derivative of u**5/12 + u**4/8 - 3*u**3/2 + 3*u**2 + 6*u. Let t be s(-4). Suppose -t - 1901 = -14*c. What is the tens digit of c?
4
Suppose -2*a - 1826*v + 1825*v = -41462, -3*v = -5*a + 103655. What is the units digit of a?
1
Let k = 19606 + -7160. What is the hundreds digit of k?
4
Let c(o) = 6*o**2 - 10*o + 14. Let x be c(7). Let h = -112 + x. Let i = h + -59. What is the tens digit of i?
6
Let u = -290 + 292. Suppose 0 = 2*y - u*c - 1668, -4*y + c = -0*y - 3345. What is the units digit of y?
7
Let x(h) = h**2 - 4*h - 3. Let p be x(5). Let v(j) = 7*j + 11. Let k(c) = -3*c + 10. Let u(q) = -2*k(q) + 3*v(q). What is the tens digit of u(p)?
6
Let c be -46*3*(-3)/18. Suppose -37*i + 1512 = -c*i. What is the hundreds digit of i?
1
What is the hundreds digit of 24590 - (11 - (-224)/(-16))?
5
Suppose 0 = 97*j - 128*j + 324973. What is the ten thousands digit of j?
1
Let x(c) = -11*c**2 + 5*c - 1. Let j be x(2). Let u = -30 - j. Suppose 0 = a - 4*m - 87 + 5, -25 = -u*m. What is the tens digit of a?
0
Suppose 0 = -2*b - 97 - 247. Let c be ((-8)/6)/((-20)/30). What is the tens digit of (1 - c)/((6 + -2)/b)?
4
Suppose -x - 2*p + 1172 = 0, -9*x + 2348 = -7*x + 3*p. Suppose 0 = 4*u - 4*y - 3568, -2*u + 3*y + x + 606 = 0. What is the tens digit of u?
9
Let r = 43 + -39. Suppose -r*x - i - 2 = 0, i + 2 = -2*x - 0*x. What is the units digit of 5 + -1 - (x + -2 - 80)?
6
What is the thousands digit of 11 + (-825)/77 + 294970/35?
8
Suppose -2*g + 4*g + 46200 = 2*m, 0 = -m - 5*g + 23094. What is the tens digit of m?
9
Let j(t) = 8*t + 38 - 11 + 4*t - t**2. Let l be j(14). What is the tens digit of ((-7)/7)/(1/(119/l))?
1
Suppose -20*s = -5967 - 52833. Suppose -5*r + s - 630 = 0. What is the tens digit of r?
6
Suppose 3*o - 2*i - 8502 = 2*i, 5*o + 5*i = 14205. What is the units digit of o?
8
Let u = -7363 - -8809. What is the tens digit of u?
4
Suppose 3*i - 25 = -2*i. Suppose 2*o + 193 - 849 = -3*w, 5*o = -i*w + 1100. Let k = w - 139. What is the units digit of k?
7
Let v = -1026 + 1644. Let g = -332 + v. What is the units digit of g?
6
Let u = 55391 + -38310. What is the tens digit of u?
8
Let u = 33524 + -8903. What is the hundreds digit of u?
6
Let r be 5*4/40*6. Suppose -3*s - 461 = -2*b - 0*b, -9 = r*s. Let w = 333 - b. What is the tens digit of w?
0
Suppose -587*o = -538*o - 496860. What is the thousands digit of o?
0
Let t(b) = -b - 9. Let l be t(-10). Suppose w + 12 - l = 0. What is the tens digit of (w + 10)/(1/(-22))?
2
Suppose -c = 2*v + 115, 166 = -4*v + 4*c - 94. What is the hundreds digit of ((-3)/((-12)/(-23)))/(3/v)?
1
Suppose 219 = -2*v + 3*v. Suppose v = 2*w - 917. What is the tens digit of w?
6
Let h(f) = f**2 + 2*f - 1. Let r(n) = n**2 + 7*n - 18. Let d(m) = 4*h(m) - 2*r(m). What is the hundreds digit of d(-7)?
1
Let o = 22 + -12. Let y be (-347 - 1)/(2/(-3)). Suppose 16*p = o*p + y. What is the units digit of p?
7
Let x = 53 + -629. Let o = x + 1032. What is the hundreds digit of o?
4
Suppose -4*v + 16 = 0, -5*v = 4*c - 3*v - 1752. Suppose -6772 - c = -4*u. What is the thousands digit of u?
1
Suppose -4*g + f + 5904 = 0, 5*g - 4*f - 3052 = 4339. What is the thousands digit of g?
1
Suppose -3*u + 5*q - 3*q - 227 = 0, 0 = 2*u + 4*q + 178. Let j = -77 - u. Suppose -p + 2*h = j*p - 389, 2*p + 3*h = 242. What is the tens digit of p?
2
Let j = -1864 - -3268. Suppose j = -13*s + 17*s. What is the units digit of s?
1
Let t(g) = g**3 + 19*g**2 + 23*g - 5. Let z be 140/(-8) - 2/4. Let b be t(z). What is the units digit of (-19)/b - (-88)/10?
9
Let q(u) = u**3 + 52*u**2 - 359*u - 186. Let w be q(-58). Let b = 7 - 3. Suppose -3*m - b*i = -w, 0 = i - 5 - 0. What is the units digit of m?
4
Suppose -3*q - c + 23475 = 0, -15678 = -2*q - 61*c + 65*c. What is the tens digit of q?
2
Suppose 0 = 2*d - 5*k, -2*k = -3*d + 2*d + 2. Let u be 62*(-1)/(-22) - d/(-55). Suppose 232 = u*h + 5*y, h + y = 2*y + 72. What is the tens digit of h?
7
Suppose -3*x - 4*i - 9 = 21, x - 5*i - 9 = 0. What is the tens digit of 2*((2 - 3207/x) + -6)?
6
Let u be (-12)/(-28) - ((-1008621)/21 - 3). What is the units digit of ((-16)/(-6) + -2)*u/54?
3
Let n(w) = w**3 + 64*w**2 + 415*w - 47. What is the hundreds digit of n(-54)?
7
Let y(i) = -12*i**3 - 2*i**2 - 3*i + 3. Let h be y(3). Let v = h - -417. What is the tens digit of v?
6
Suppose 0 = -9*g + 125*g - 976720. What is the thousands digit of g?
8
What is the hundreds digit of 5/(10/(-14)) - -241455*(-19)/(-57)?
4
Suppose 13*j - 49 = 3. Suppose 181 = j*a - 75. What is the units digit of a?
4
Suppose 77719 = 5*m + n - 505, -4*m + n + 62572 = 0. What is the thousands digit of m?
5
What is the tens digit of (8773 - -1) + (-58 - -34)?
5
Let j = -227 - -228. What is the hundreds digit of ((-18)/j)/(6 - 3228/536)?
8
Suppose -3*n - 9*r = -11*r - 10584, 3*n + 5*r = 10563. What is the tens digit of n?
2
What is the tens digit of (-73717)/2*(-512)/1792?
3
Let t(h) be the first derivative of -7*h**5/40 - 19*h**4/12 + 40*h**3/3 + 25. Let b(l) be the third derivative of t(l). What is the units digit of b(-10)?
2
Suppose -5*b = -50 - 10. Let k be b*((-8)/20 + 56/15). Suppose w + 4*c + 14 = 0, 5*w = 2*c + k - 0. What is the units digit of w?
6
Suppose 7*g = -2*s + 3*g - 176, 5*s + 3*g = -412. Let a be (12/15)/(1/s). Let t = -39 - a. What is the units digit of t?
5
Suppose 157*u + 3713 - 15331 = 0. Let h = 33 + -46. Let t = u + h. What is the units digit of t?
1
Let w(q) = q + 6. Let v(a) = 4*a + 25. Let c(m) = -2*v(m) + 9*w(m). Let l be c(1). Suppose -l*x = -6 - 19. What is the units digit of x?
5
Let t(c) = 5*c + 1. Let w be t(1). Let u be ((-1)/(w/(-9)))/(9/66). Suppose 2986 - 236 = u*q. What is the tens digit of q?
5
Let u(m) = 334*m**2 + 12*m + 1. What is the tens digit of u(4)?
9
Let h(j) = -j**3 - 10*j**2 - 104*j - 220. What is the thousands digit of h(-12)?
1
Suppose -j + 178 = -1337. Suppose 0*s - 3*p = 5*s - j, 3*s - 909 = 3*p. What is the hundreds digit of s?
3
Suppose -u = -12*h + 15*h - 8045, 0 = 3*h + 15. What is the thousands digit of u?
8
Let v(g) = 816*g**2 - 1834*g - 14. What is the units digit of v(6)?
8
Let y(m) = -6 + 30*m**2 - 42 + 22*m + m**3 - 21. What is the units digit of y(-29)?
4
Let z = 20134 + -16154. What is the units digit of z?
0
Let y(p) = -19*p**3 + 29*p**2 + 7*p + 6. What is the units digit of y(-5)?
1
Suppose 63087 = 11*d - 3584. What is the hundreds digit of d?
0
Suppose 0 = -16*y + 21*y + 3*o - 278083, 4*y - 4*o = 222524. What is the hundreds digit of y?
6
Let k(t) = -2*t**3 - 13*t**2 - 19*t - 5. Let r be k(-9). Let d = r + -147. What is the units digit of d?
4
Suppose -21*g + 409082 - 140849 = 0. What is the tens digit of g?
7
Suppose 0 = -4*o + 5*r + 217694, 4*o - 152*r = -153*r + 217706. What is the thousands digit of o?
4
Let l(o) = 10*o - 90. Let i be l(9). What is the tens digit of 250/(1 - i) - 1?
4
Let z(t) = t**3 - 18*t**2 + 5*t - 1. Let c be z(18). Suppose c = -2*h + 253. Suppose -w + h - 8 = 0. What is the units digit of w?
4
Let g(o) = -2*o**2 - 10*o - 1096. Let j(c) = 3*c**2 + 18*c + 2193. Let x(l) = 5*g(l) + 3*j(l). What